e -13 - (-20 - -5) - 26.
-24
20 + -10 + 6 - 6
10
0 + 0 + 18 + 2 + -12
8
What is -89 - -90 - (-10 - 10)?
21
-1 - 0 - 4 - (4535 - 4517)
-23
Evaluate (0 - 0) + (7 + -4 + -4 - 2).
-3
Calculate (2 - 7) + (10 + -2 - -4).
7
What is -7 + 18 - 18 - 0?
-7
Evaluate -17 - (-26 - (27 + -74)).
-38
37 + (-21 - (1 - 2))
17
Calculate 25 - (34 - (58 - 19)).
30
Evaluate -6 + (10 - (17 - -5)) + (1 - -1).
-16
Calculate (24 - 12) + 31 + -24.
19
Calculate (-3 + -1 - (6 + -15)) + 3.
8
What is 12 - 1 - (-17 + -22 + 47)?
3
8 + (1 - 2) - (-18 + 1 - -9)
15
(-4 + -1 - (4 + -1 - 6)) + 1
-1
What is 10 + (9 - (15 - -5)) + 4?
3
What is the value of 7 + ((-2 - -4) + 0 - (5 - 8))?
12
Calculate -32 - (2 + -11) - -21.
-2
What is (-1 - 8) + 105 + -105 + -6 + 6?
-9
What is (43 - 41) + 3 + 1?
6
What is the value of (-4 - -22 - 14) + -6 + 2 + 1?
1
What is -6 - (-1 - -1 - ((2 - -13) + -12))?
-3
What is -15 + (26 - 10) - 11?
-10
-2 + (-3 - (3 + (1 - 5))) - -12
8
Calculate (5 - 31) + (-24 - -35).
-15
Evaluate (-8 - -21) + 2 - (4 + -6 + -2).
19
Evaluate (-1 - -5) + (-12 + (9 - 3) - -12).
10
(-4 - -6) + -247 + 245
0
What is the value of 6 + (14 - 8) + (4 - (34 - -6))?
-24
What is the value of -2 - ((37 - 32) + (-4 - (-3 + 2)))?
-4
Evaluate 21 + -3 + -8 + (0 - (3 + -2)).
9
Evaluate (-32 - -19 - -4) + 20.
11
What is (-21 - (-4 + -9)) + -2 + -1?
-11
(-1 - -1) + 13 + -18 + -7
-12
4 - (6 - -4 - -4 - 6 - -4)
-8
Evaluate (-5 - 9) + 7 + (-9 - -7) - 4.
-13
Evaluate -10 + 22 + (13 - 25).
0
What is the value of -15 - 1 - (6 + (-12 - -7))?
-17
What is -9 - (1 - (-4 + 1))?
-13
What is (13 + 1 - 6) + -13 - -9?
4
What is -1 + (1 + -22 - (-6 + -2))?
-14
What is 11 - ((-11 - (6 - 11)) + 30)?
-13
Calculate -14 + (8 - (27 + -49)).
16
What is (1 - (0 - 0)) + (5 - 17) + 8?
-3
1 - 1 - (2 - 7)
5
Evaluate (-4 - 2) + 4 - (11 - 21) - -3.
11
Evaluate 5 + (-15 + -9 + 28 - 1).
8
What is -14 - (-33 - (-17 - (-11 + 6)))?
7
-19 - (-65 - (46 + -67))
25
13 - 1 - (-22 + (45 - 10))
-1
What is (-34 - -11) + 1 - -15?
-7
-76 + 51 - (5 - 3 - -8)
-35
Calculate -13 + 30 + 25 + -44.
-2
What is the value of (-13 + 15 - -18 - 13) + -28?
-21
Evaluate 34 + -8 - 25 - (0 + 13).
-12
What is the value of -28 - (-5 - -2) - (108 + -104)?
-29
Evaluate 10 + (-3 - 9) - (-10 + -1 + -4).
13
-36 + 45 - (1 + -8 + -2)
18
Evaluate 2 + 10 - (-16 + 21 - -5).
2
Calculate (50 + -24 - 32) + 35.
29
0 - (6 - (-6 + 4 + 8))
0
Calculate (-8 - 2) + (9 - 14 - -23).
8
15 - (1 + -1 - -4 - (18 + -19))
10
What is 161 + -167 - (-19 - -4 - 1)?
10
Evaluate 1 + -13 + -2 + 2 - (-11 + 6).
-7
Evaluate (-3 - (-37 - -29)) + -18.
-13
-7 - 4 - -2 - ((9 - 18) + 5)
-5
What is the value of 2 + (12 - (-2 + 6)) + -12?
-2
What is 1 + 0 - (18 + -2 + -10 - 15)?
10
Calculate -1 - 4 - (5 + 2 - 27).
15
35 + (-23 - -1 - 2)
11
What is -5 - (2 + (-2 - 4) - -19)?
-20
What is the value of 78 + -64 - (20 + (9 - 4))?
-11
-1 - ((-6 - -3) + 0) - (7 - -5)
-10
Calculate 11 + (15 - 28) + (0 - -8 - 0).
6
(0 - (-8 + 6) - -5) + -10 + -5
-8
Calculate 5 + 4 + 2 + -7 + 2 + 2.
8
What is the value of -25 + ((2 - 13) + 8 - -8) + 1?
-19
Calculate -1 + 7 + 0 - (-1094 + 1091).
9
What is the value of (7 + -9 - (-11 + 2)) + -14?
-7
What is 16 + -11 - 17 - -9 - (32 - -1)?
-36
Evaluate 3 - (-92 - -83 - (-11 - -1 - 0)).
2
Calculate -46 + (14 + -13 - -2) + 8.
-35
Calculate (9 - 23 - -7) + 10.
3
What is -8 - 0 - (-1835 + 1854)?
-27
What is the value of 0 + (-11 - (-7 - 5))?
1
What is (-18 - (-13 - 12)) + (-1 - 21) - 7?
-22
What is 3 + -6 + (3 + 3 - -14)?
17
Evaluate 3 + 0 + 3 - (325 + -291).
-28
-16 - (-29 - 5 - -11)
7
Calculate (-5 - 39) + 80 + -2.
34
Evaluate -4 - 3 - (-16 + (7 - 0)) - 7.
-5
Calculate (5 - -1) + 43 + -31.
18
Calculate (-27 - -14) + 5 + 18 + 2.
12
Calculate -4 + 9 + (-6 - (2 - 4)) - 0.
1
1 + 11 + -10 + 0 + -13 + 0
-11
Evaluate 6 - (11 + (5 - (21 + 8))).
19
What is the value of -29 - -21 - (-6 + 2 - -29)?
-33
Calculate 22 + -45 + -12 + 1.
-34
(0 - 4) + -4 + 12 + -4 + -2
-2
What is the value of 7 + -3 + -8 - (-17 + (-2 - -8))?
7
What is -3 - (1 - 0 - (13 - 9) - 0)?
0
Evaluate -10 - 3 - (-21 + 14).
-6
What is the value of -9 - (-19 + 19 - (-3 + 1))?
-11
What is (-3 - (0 + -8 - -1)) + 0?
4
Calculate (-10 - 1) + (-9 - (6 - 59)) + -7.
26
Evaluate -5 + (6 - -3 - (-6 - -4)).
6
Calculate 34 + -22 + (-1 - 4 - 2).
5
What is 17 + -3 + (12 - -11 - 34)?
3
Evaluate -4 - (-5 + 2) - 4 - (6 - 5).
-6
What is 3 + (17 - 10 - 14)?
-4
What is -10 - (-4 + (-23 + 27 - (2 + -7)))?
-15
Calculate -15 - (5 + -3 + (-6 - 4) + 0).
-7
What is the value of (-4 - (-12 + 8 - -8)) + -6?
-14
What is -8 + (19 + -8 - 2) + 8?
9
What is 3 - (-3 + (4 - 12))?
14
What is the value of 9 + 11 + 11 - (-1 + 6)?
26
Evaluate -17 - (6 + -8 + 17 - 27).
-5
Evaluate 47 + -63 - (-3 - 12).
-1
What is the value of 72 - 69 - (-1 - -2) - (-2 - 1)?
5
Evaluate -7 + -4 + -12 + 3 + 10.
-10
Calculate 9 + -1 - (104 + -113).
17
What is 4 - 5 - ((3 - 1) + 1)?
-4
What is -13 - (-9 + (-4 - -6) - -2)?
-8
-7 + 12 + -10 + -10 - -12
-3
5 - (12 + (-1 - 2) + (40 - 37))
-7
Calculate -39 + 50 + -30 + 8.
-11
What is the value of 4 + (-14 - (4 - 20))?
6
Calculate 20 + (-11 - -12) - 40.
-19
What is the value of -26 - (-11 - 43) - 46?
-18
What is -10 - (-9 - (-22 - -13))?
-10
What is the value of (17 + (0 - 12) - (2 + -1)) + -23?
-19
What is (-7 - -10 - -11) + -2?
12
Calculate -16 - (10 - (0 + 11 - (-4 - -1))).
-12
26 - (19 - 11) - 11
7
(24 - 19 - 40) + 5
-30
What is the value of (1 + -4 - 7) + (7 - (10 + -3))?
-10
(-50 - -23 - -26 - (-7 + 1)) + -14
-9
What is the value of 249 + -219 - (17 + 2)?
11
What is the value of (2 - (2 + 4 + -11 - -18)) + -9?
-20
What is 16 + 1 + (-850 - -844)?
11
Calculate (-2 - (-45 + 38)) + (-8 - -2).
-1
What is 8 + (-4 - 5 - -7) + -9?
-3
What is 7 - 10 - (-7 + -1 + 7) - -9?
7
What is (-4 - 2) + (-3 - ((10 - -1) + -4))?
-16
What is the value of -1 + 10 + 2 + (-60 - -56)?
7
What is (-2 - (-3 - (0 + -1))) + 5?
5
What is the value of (-129 - -169) + -19 + 0?
21
What is -1 + (-100 - -111 - (2 - 13))?
21
What is -1 - (2 - (-3 + 2 - 4))?
-8
Evaluate 7 + (-8 - (6 + -5)).
-2
8 - (4 + 1 - (-55 + 60) - -8)
0
Calculate (-35 - -21) + 17 + (-9 - -1) - 11.
-16
What is the value of -21 + (-22 - 15 - -33)?
-25
What is the value of -6 + 12 + (-2 + 2 - 6)?
0
What is (6 - (-20 - -16)) + (1 + -1 - 5)?
5
Evaluate 84 - (19 - -25) - (4 + 2 + -2).
36
Calculate (-8 - 7) + (7 - 4).
-12
What is the value of -1 + 9 - (10 + 8 - 21)?
11
What is the value of (7 - 4 - (-2 - (-2 - 2))) + 4?
5
What is the value of (-2 - 1) + (5 - ((-12 - -1) + 15))?
-2
-31 + 20 - (-12 + 12)
-11
Calculate -1 + 20 + -3 + (77 - 79).
14
5 + (-43 - -14 - -9)
-15
Calculate (420 - 421) + (-2 - -1).
-2
13 + -10 + 6 + -12 + (-14 - 0)
-17
Evaluate 62 + -24 + -11 + 10.
37
Evaluate 2 + 2 + (0 - -18) + -8.
14
Evaluate 7 - (-7 - ((-13 - 2) + 13)).
12
What is 9 + -1 + 1 + -4 + 68 + -56?
17
What is the value of -11 + (7 - 3) + (-2 - (1 - 12))?
2
Evaluate (22 - 24) + -2 + -1 + 2 + 0.
-3
Evaluate 1 + (4 - ((7 - 7) + -1)).
6
Calculate -9 + (-4 - -8) + 10 - 17.
-12
-10 + -2 - 2 - 2
-16
What is -4 + -2 + (5 - -3) - 0?
2
What is (8 - 4) + (204 - 198)?
10
-1 + 23 + (-34 - -8)
-4
Evaluate -1 + -13 + 4 - (-21 - -21).
-10
Evaluate -1 - 10 - (-1 - ((8 - 0) + 3)).
1
Evaluate -17 - (10 + (12 - 22) + -48).
31
Calculate -41 + 46 + -17 - -2.
-10
What is -71 - -67 - (11 + -39)?
24
What is the value of (-3 - 5) + 48 + -26 - (4 + -1)?
11
What is the value of 11 + 6 + -21 - -24?
20
1 + -12 + (0 + 3 - 8) - -2
-14
Calculate (1 + 25 - (-150 + 170)) + 1 + 9.
16
Evaluate -14 - (48 - 12) - 0 - -17.
-33
Evaluate 9 - (17 + (-14 - -5 - -15)).
-14
What is 11 - (13 - (2 - 7 - -12))?
5
(-5 + 30 + -2 - 10) + -5 + -43
-35
What is the value of -1 + -2 - 2 - (4 + 8 + -2)?
-15
What is the value of (-10 - -29 - -2) + -1 + 5?
25
What is -1 + 7 + (-3 + -4 - -2)?
1
Calculate -14 + -8 + (57 - 23).
12
Calculate 3 - (8 - (-11 + 7) - -7).
-16
Evaluate 3 - 10 - 0 - -1.
-6
What is the value of -10 + (2 - -11) + 8?
11
What is -3 - ((1 - -4) + -5) - (5 + -13)?
5
What is the value of (-12 - -3) + 1 - -9?
1
What is the value of 362 + -378 - (-19 + 1)?
2
-7 + (3 - (-15 - 5) - 9) + 4
11
(23 - 4) + -9 + -7
3
What is the value of 9 + -8 + -4 + -9 + 4?
-8
Calculate -3 - (-10 - -5) - (-2 + -6).
10
What is the value of 16 + ((4 - 10) + -3 + 6 - -1)?
14
What is 6 - -8 - 